e tens digit of 660576?
7
What is the hundred thousands digit of 22963266?
9
What is the units digit of 8545802?
2
What is the ten thousands digit of 672633?
7
What is the hundred thousands digit of 820576?
8
What is the ten thousands digit of 2571339?
7
What is the ten thousands digit of 2235593?
3
What is the hundred thousands digit of 1391289?
3
What is the thousands digit of 8487124?
7
What is the millions digit of 8362974?
8
What is the tens digit of 199627?
2
What is the hundred thousands digit of 33000122?
0
What is the tens digit of 1666753?
5
What is the thousands digit of 2230570?
0
What is the millions digit of 2760727?
2
What is the tens digit of 11187696?
9
What is the tens digit of 475382?
8
What is the ten thousands digit of 116042?
1
What is the units digit of 7943159?
9
What is the tens digit of 3256685?
8
What is the millions digit of 1290495?
1
What is the thousands digit of 1196056?
6
What is the units digit of 163515?
5
What is the hundreds digit of 31641?
6
What is the hundred thousands digit of 1220383?
2
What is the millions digit of 1883405?
1
What is the thousands digit of 154424?
4
What is the hundred thousands digit of 794460?
7
What is the ten thousands digit of 3544178?
4
What is the hundreds digit of 3007026?
0
What is the tens digit of 1281247?
4
What is the hundreds digit of 2188092?
0
What is the thousands digit of 3692730?
2
What is the millions digit of 1674681?
1
What is the tens digit of 785457?
5
What is the hundreds digit of 441261?
2
What is the hundreds digit of 558562?
5
What is the thousands digit of 407402?
7
What is the thousands digit of 524510?
4
What is the tens digit of 678532?
3
What is the hundred thousands digit of 533322?
5
What is the hundreds digit of 2373251?
2
What is the hundred thousands digit of 776073?
7
What is the tens digit of 6619239?
3
What is the hundred thousands digit of 164104?
1
What is the hundreds digit of 281193?
1
What is the hundred thousands digit of 15777787?
7
What is the millions digit of 1799871?
1
What is the ten thousands digit of 164571?
6
What is the ten thousands digit of 7200475?
0
What is the millions digit of 4723094?
4
What is the ten thousands digit of 647079?
4
What is the thousands digit of 172198?
2
What is the ten thousands digit of 1109097?
0
What is the units digit of 192930?
0
What is the ten thousands digit of 1616319?
1
What is the thousands digit of 3446437?
6
What is the tens digit of 246307?
0
What is the hundreds digit of 293994?
9
What is the thousands digit of 1749726?
9
What is the tens digit of 2920579?
7
What is the units digit of 312297?
7
What is the ten thousands digit of 172499?
7
What is the ten thousands digit of 1034905?
3
What is the hundreds digit of 656474?
4
What is the tens digit of 3722?
2
What is the thousands digit of 2354158?
4
What is the tens digit of 36177?
7
What is the units digit of 248820?
0
What is the hundred thousands digit of 866237?
8
What is the thousands digit of 13574?
3
What is the ten thousands digit of 250152?
5
What is the thousands digit of 591280?
1
What is the hundred thousands digit of 165819?
1
What is the tens digit of 377310?
1
What is the ten thousands digit of 255227?
5
What is the tens digit of 69945?
4
What is the thousands digit of 2278045?
8
What is the units digit of 4331341?
1
What is the hundreds digit of 33679?
6
What is the millions digit of 7894596?
7
What is the hundred thousands digit of 13125757?
1
What is the tens digit of 317986?
8
What is the ten thousands digit of 9061720?
6
What is the hundreds digit of 509277?
2
What is the tens digit of 3608735?
3
What is the tens digit of 141327?
2
What is the hundreds digit of 31804?
8
What is the thousands digit of 209003?
9
What is the units digit of 91280?
0
What is the ten thousands digit of 1940423?
4
What is the tens digit of 47226?
2
What is the units digit of 233250?
0
What is the hundreds digit of 1192845?
8
What is the tens digit of 63336?
3
What is the units digit of 21167941?
1
What is the ten thousands digit of 932095?
3
What is the hundred thousands digit of 549137?
5
What is the hundred thousands digit of 6592593?
5
What is the ten thousands digit of 203760?
0
What is the thousands digit of 18232409?
2
What is the tens digit of 805017?
1
What is the units digit of 245419?
9
What is the millions digit of 17277243?
7
What is the ten thousands digit of 3463838?
6
What is the units digit of 100152?
2
What is the tens digit of 719864?
6
What is the tens digit of 403913?
1
What is the ten thousands digit of 95077?
9
What is the hundred thousands digit of 3157285?
1
What is the ten thousands digit of 2769222?
6
What is the hundred thousands digit of 25205284?
2
What is the ten thousands digit of 486183?
8
What is the hundreds digit of 865507?
5
What is the ten thousands digit of 38752?
3
What is the hundred thousands digit of 12212710?
2
What is the hundred thousands digit of 263635?
2
What is the units digit of 264750?
0
What is the ten thousands digit of 8677828?
7
What is the units digit of 8740579?
9
What is the tens digit of 14303570?
7
What is the millions digit of 3639272?
3
What is the hundreds digit of 164737?
7
What is the thousands digit of 6515516?
5
What is the tens digit of 526864?
6
What is the ten thousands digit of 8695873?
9
What is the tens digit of 583877?
7
What is the hundreds digit of 1596645?
6
What is the thousands digit of 263948?
3
What is the ten thousands digit of 329635?
2
What is the hundreds digit of 9330?
3
What is the thousands digit of 1170267?
0
What is the ten thousands digit of 432430?
3
What is the units digit of 321063?
3
What is the thousands digit of 1240540?
0
What is the thousands digit of 1047009?
7
What is the hundred thousands digit of 296696?
2
What is the ten thousands digit of 13840440?
4
What is the ten thousands digit of 9621687?
2
What is the tens digit of 13474938?
3
What is the tens digit of 3263920?
2
What is the tens digit of 419366?
6
What is the units digit of 56552?
2
What is the hundreds digit of 92545?
5
What is the ten thousands digit of 946395?
4
What is the tens digit of 196405?
0
What is the units digit of 1241400?
0
What is the units digit of 268321?
1
What is the units digit of 109265?
5
What is the tens digit of 2684141?
4
What is the tens digit of 185615?
1
What is the ten thousands digit of 854742?
5
What is the thousands digit of 4531936?
1
What is the hundred thousands digit of 623480?
6
What is the tens digit of 1351251?
5
What is the hundreds digit of 566175?
1
What is the tens digit of 387264?
6
What is the tens digit of 10154499?
9
What is the tens digit of 6398849?
4
What is the millions digit of 8458958?
8
What is the tens digit of 2038985?
8
What is the units digit of 141018?
8
What is the thousands digit of 1031376?
1
What is the units digit of 1869532?
2
What is the ten thousands digit of 623707?
2
What is the thousands digit of 26177201?
7
What is the units digit of 68355?
5
What is the ten thousands digit of 1730653?
3
What is the millions digit of 3065187?
3
What is the thousands digit of 51515?
1
What is the ten thousands digit of 29050?
2
What is the ten thousands digit of 2585817?
8
What is the hundred thousands digit of 138273?
1
What is the tens digit of 667581?
8
What is the units digit of 3492241?
1
What is the tens digit of 6702624?
2
What is the hundred thousands digit of 11743879?
7
What is the thousands digit of 198178?
8
What is the units digit of 248854?
4
What is the thousands digit of 142995?
2
What is the units digit of 9847595?
5
What is the units digit of 59969?
9
What is the millions digit of 1729080?
1
What is the units digit of 430515?
5
What is the ten thousands digit of 453595?
5
What is the thousands digit of 790657?
0
What is the ten thousands digit of 3830468?
3
What is the tens digit of 4351592?
9
What is the thousands digit of 852500?
2
What is the hundreds digit of 2398829?
8
What is the hundreds digit of 201107?
1
What is the hundreds digit of 7557?
5
What is the tens digit of 24207389?
8
What is the thousands digit of 1230910?
0
What is the units digit of 3269319?
9
What is the units digit of 666113?
3
What is the tens digit of 8900965?
6
What is the thousands digit of 1587776?
7
What is the hundred thousands d